and g.
19
Let v = -32 + 83. Let q = -33 + v. Let c be (-4)/(-3) + 2/3. What is the greatest common factor of q and c?
2
Let u be 4/6*21*3. Let v be 10/8*(17 - 5). Let t be -1 + 12 + v/5. What is the greatest common divisor of t and u?
14
Let n = 7 + 6. Calculate the highest common divisor of 39 and n.
13
Let u = -216 - -456. Suppose 340 + u = 4*l. Calculate the highest common factor of l and 58.
29
Let a = -17 - -23. What is the highest common factor of 3 and a?
3
Suppose 4*h - 11 = 3*h. Calculate the greatest common factor of h and 1.
1
Let g be ((-21)/(-9) - 2)*12. Suppose 0 = 2*d - 2*j, 0 = d + g*j - j - 12. What is the greatest common factor of d and 2?
1
Suppose 0 = -6*t + 113 - 5. Calculate the greatest common divisor of 9 and t.
9
Suppose -4*t + t + 45 = 0. Calculate the greatest common divisor of 30 and t.
15
Suppose 40 = -11*k + 15*k. Calculate the highest common divisor of 15 and k.
5
Let o = -5 + 15. Let u be o/45 + (-212)/(-18). Suppose u = -n + 4*n. What is the highest common factor of 12 and n?
4
Suppose 5*h - 190 = 25. Suppose 2*l - 7*l + 1 = -2*q, 4*q = -5*l + h. Calculate the highest common factor of 7 and q.
7
Suppose 49 = 2*u - 63. Calculate the highest common divisor of 28 and u.
28
Let h(p) = p**2 - 2. Let i be h(3). Suppose -n + i + 3 = 0. Let m = -48 - -78. Calculate the greatest common factor of n and m.
10
Let i(t) = 8*t + 3. Let d be i(2). Let m be (6/(-4))/(6/40). Let k be (-4)/m + (-188)/(-5). Calculate the greatest common factor of k and d.
19
Suppose -25 = 3*i + 2*i, 0 = -2*f + 4*i + 22. Let t be (19 + 1)*2*f. Calculate the highest common divisor of 16 and t.
8
Let w = 8 - 4. Suppose 4*s + 68 = w*d, -4*s = -d + 10 + 4. Suppose -c = -2*o - 81, -4*o - 99 = -c - d. What is the highest common divisor of 9 and c?
9
Suppose 4*j + 3*h = 233 + 85, 158 = 2*j + h. Let x(t) = 10*t - 4. Let f be x(3). Calculate the greatest common divisor of j and f.
26
Suppose x + 3*a - 21 = 0, -2*x + 0*a = 4*a - 44. Let o = -10 + 12. Suppose 58 - 178 = -o*g. Calculate the greatest common divisor of x and g.
12
Let c(y) = 0 - 2*y - 2*y + 3*y + 8. Let w be c(0). What is the greatest common factor of 16 and w?
8
Suppose -3*q = -2*q - 5. Let o = 1 - 0. Suppose j = -3*i + 20, o = -i + q. What is the greatest common factor of 72 and j?
8
Suppose 3*y - 10 = -q, -5*q + 104 - 36 = -3*y. Suppose 2*t - 3*t + 154 = 3*a, 0 = a - 4*t - 60. What is the greatest common divisor of q and a?
13
Let k(c) = 5*c + 28. Let h be k(4). Calculate the greatest common factor of h and 120.
24
Let q be -14 - 1 - (0 - 0). Let w be (-1)/(-2 + (-29)/q). Let s = 56 + -46. What is the highest common divisor of w and s?
5
Let j = 22 - 15. Suppose -5*m = -2*w - m + 106, 0 = -w - 3*m + 43. What is the highest common factor of w and j?
7
Let g be 5/(1*(-3)/(-51)). Suppose -g = -q - 4*q. Suppose f - 7 = q. What is the highest common factor of 12 and f?
12
Let n be -1*552/(-3)*1. What is the highest common factor of n and 23?
23
Let g = -56 - -74. What is the greatest common divisor of g and 9?
9
Let g = -2 + 32. Suppose 5 = -2*s + 1, -25 = 3*l + 5*s. Let j be l/(2/(-8)*2). What is the highest common factor of g and j?
10
Let p = 18 - 7. Calculate the greatest common divisor of 99 and p.
11
Let n be 0 + (0 - -63*2). Calculate the highest common factor of n and 14.
14
Suppose 0 = 13*i - 6*i - 336. Calculate the highest common factor of 16 and i.
16
Let b(g) be the first derivative of -g**4/4 + 2*g**3 + 2*g**2 + g + 3. Let j be b(6). Calculate the greatest common divisor of j and 5.
5
Let u(q) = q**2 + 4*q - 8. Let m be u(-6). Suppose 4*p = 40 - m. Calculate the greatest common factor of p and 45.
9
Let p(u) = -4*u + 1 - 7 - 2*u**2 + 3. Let d be p(-2). Let l be 4*(d/2 - -2). What is the highest common divisor of l and 16?
2
Let c(z) = -2*z**2 + 15*z - 13. Let h be c(6). What is the greatest common factor of h and 95?
5
Let b be (-5)/(30/(-32))*6. What is the highest common divisor of 16 and b?
16
Let v be (0 - (3 - 5)) + 2. Let i be (-822)/(-54) - v/18. Let f be 2/(-2)*(1 + -7). What is the highest common divisor of i and f?
3
Let q be 3 + (-1208)/(-12) + 1/3. Calculate the greatest common divisor of q and 13.
13
Suppose -4*a - 3*k = -373, -4*k + 468 = 5*a - 2*k. Let g = a - 58. Calculate the greatest common divisor of 12 and g.
12
Suppose 0 = 2*u - 88 - 110. What is the highest common divisor of 11 and u?
11
Let m be (-2 + 9)/(2*5/40). Let z(p) = -10*p + 2. Let w be z(-4). What is the greatest common factor of w and m?
14
Suppose 3*b + 5*g - 102 = 2*b, -4*b + 450 = -g. Let r = 8 + 6. What is the highest common factor of b and r?
14
Suppose -38 = -3*j + 7. Suppose -t - 4*w = -165, 4*t - 211 - 449 = -w. What is the highest common divisor of t and j?
15
Let n = -26 + 125. Let l(t) = t**2 - t - 9. Let d be l(5). Calculate the greatest common divisor of d and n.
11
Suppose 0 = -5*o + 10, -3*m - 8 = -5*o + 2. Suppose -n + 4*n - 132 = m. Calculate the greatest common divisor of 4 and n.
4
Let w(j) = j**3 + 7*j**2 - 2. Let y be w(-7). Let l be 9 - (y + (-1 - -2)). What is the greatest common factor of 40 and l?
10
Suppose 0 = y - 33 + 9. What is the highest common divisor of y and 36?
12
Suppose -3*a + 2*s = -8, s - 7 = -2*a + 3. Suppose -4 = a*f - 16. What is the highest common factor of 15 and f?
3
Let r(y) = -y + 1. Let u be r(1). Suppose u = 5*k + 5*j - 255 + 30, 4*j = 20. What is the highest common divisor of k and 4?
4
Suppose 4 = 2*o, s + 4 = -0*s + 5*o. Let c = s - -18. Suppose 0 = -3*u + u + 96. Calculate the greatest common factor of u and c.
24
Suppose -5*a - 50 + 15 = o, -2*o + 2*a - 22 = 0. Let v = o - -28. Calculate the greatest common divisor of 65 and v.
13
Let y(i) = 3*i**2 + 10*i - 8. Let h be y(-6). What is the greatest common divisor of h and 80?
40
Let n = -125 - -74. Let d = n + 73. Calculate the highest common factor of 33 and d.
11
Let q be -4*1 - (-24 - -9). Calculate the greatest common factor of 33 and q.
11
Let y = 0 + 7. What is the highest common divisor of y and 7?
7
Let g = 15 - 11. Suppose 0*s - 2*s - 4 = -j, g*s - 5*j = -20. Suppose s = p - 4*p + 18. Calculate the highest common factor of p and 48.
6
Let m = 11 + 7. Suppose -u - 8 = -v, 0 = 4*v + u + 3*u - 24. Suppose 3*t + 8 = v*t. What is the highest common factor of m and t?
2
Suppose 0 = 2*b - 192 - 6. Calculate the greatest common factor of b and 11.
11
Let v = -29 + 50. Calculate the greatest common factor of 189 and v.
21
Let a(n) = 3*n**2 + 15*n - 6. Let l be a(-6). Calculate the greatest common divisor of l and 6.
6
Let h = -285 - -439. Calculate the highest common factor of 22 and h.
22
Let h(l) = -l**2 + 14*l + 16. Let u be h(12). Calculate the highest common factor of 60 and u.
20
Suppose -3*c = c - 68. Calculate the highest common factor of c and 17.
17
Let j = -22 + 36. Suppose 4*h + 4*q = 2*q + 16, h + 3 = 3*q. Suppose 17 = d + h. What is the greatest common divisor of j and d?
14
Suppose 0 = 5*n + 4*d - 140 - 295, -2*d - 465 = -5*n. What is the highest common factor of 7 and n?
7
Let u(n) = 7*n**2 + 8*n - 3. Let d be u(5). Let p = 40 + d. What is the highest common divisor of p and 28?
28
Suppose 4*x - 3*a - 547 = 0, -4*x + 6*x = -a + 271. What is the greatest common factor of x and 17?
17
Suppose -r - 6 = -5*q, 7*r + 3 = -q + 3*r. Let j be 2*12 - (-1 + q). Calculate the greatest common factor of 4 and j.
4
Suppose -18*z + 27*z - 45 = 0. Calculate the greatest common divisor of z and 40.
5
Let s = 69 - -50. Let d = 56 - 39. What is the greatest common factor of d and s?
17
Let k(t) = t**3 - 11*t**2 - 10*t - 22. Let s be k(12). What is the greatest common factor of s and 28?
2
Suppose 6 = -n + 4*u, -16 = -4*n - 2*u - 2*u. Let r = 5 - n. Suppose -5*o + 5*m - r*m + 23 = 0, -5 = -5*m. Calculate the highest common divisor of 20 and o.
5
Let d = 4 - 4. Suppose d = y + 1 - 5. Suppose 5*t - 65 = -5*m, t + y*m = 6*t - 56. Calculate the greatest common divisor of 108 and t.
12
Suppose -5*c = -8*c + 42. Let w = -43 + 64. What is the greatest common divisor of c and w?
7
Let w be (66/8)/(39/104). Calculate the greatest common divisor of 2 and w.
2
Let j(b) = -17*b + 2. Let q be j(-2). What is the highest common factor of 4 and q?
4
Let t = 2 + 1. Suppose 36 = -0*a + a - 3*c, 2*c = -6. Calculate th